prime factors of g(c).
2, 7
Suppose 170*j - 152*j = 49176. List the prime factors of j.
2, 683
Let b(a) = -120*a**3 - 6*a - 5. List the prime factors of b(-2).
967
Suppose 0 = 6*w - 23785 + 3343. List the prime factors of w.
3407
Suppose -2*m + 601 = 4*j + 217, 0 = 2*m + 4. What are the prime factors of j?
97
Let n(r) = -r + 27. Let t be n(17). List the prime factors of (168/t)/(6/30).
2, 3, 7
Suppose 5*p = 5*h + 6005, 2*p - 8*h = -3*h + 2399. List the prime factors of p.
2, 601
Let m(k) = -18*k + 1. Let q be m(2). Let l be 4/2 + (q - -1). Let b = -13 - l. List the prime factors of b.
19
Let x = 8 - -1. Let c be 1/(-3) - (-39)/x. Suppose 40 = c*h - 96. List the prime factors of h.
2, 17
Let z be 4*(-5 + 117/12). Suppose -z*y + 3913 = 474. What are the prime factors of y?
181
Let u be 2/14 + 20/7. Suppose 2*p = u*j - 1, -5*j - 4*p + 2 = -7. List the prime factors of (-3 - (-35)/j) + -3.
29
Let j(a) = -239*a - 203. List the prime factors of j(-4).
3, 251
Let u be (-45)/18*18/(-15). List the prime factors of u/5 - 364/(-10).
37
Suppose 0 = o + i - 90, 0*i = -2*o - 4*i + 186. Suppose 2*c - o - 25 = 0. Suppose -k - 4*k = 2*m - 50, -4*m - c = -3*k. List the prime factors of k.
2, 3
What are the prime factors of 13 - 154/12 - 5230/(-12)?
2, 109
Let k(q) = -4*q**3 + 2*q**2 + 3*q + 2. Let d be k(-2). Suppose -4*b + d = 3*f - b, -f = -2*b. Suppose 2*s = -f, 3*m + s = -m + 136. List the prime factors of m.
5, 7
Let i(n) = -n**2 - 10*n - 7. Let g(z) = 6*z**2 + 50*z + 35. Let a(b) = -2*g(b) - 11*i(b). Let j = 27 + -19. List the prime factors of a(j).
23
Let j = -196 + 806. What are the prime factors of j?
2, 5, 61
Let q(p) = p**3 + 12*p**2 + 21*p. Let j be q(-10). Let b be 25/j*(-5 + 3). Suppose b*a = 3*a + 70. What are the prime factors of a?
5, 7
Suppose -12*d + 15*d = 0. Suppose 3*r + d*l = -2*l + 182, 2*l + 166 = 3*r. What are the prime factors of r?
2, 29
Suppose 1305 = -4*j + 3*u, 4*j + 1308 = -u + 5*u. What are the prime factors of 4*(-4 - j/8)?
2, 73
Let k = 0 + -6. Let g(n) = n + 7. Let w be g(k). Suppose b - 1 - 2 = 0, -2*c + 3*b = w. What are the prime factors of c?
2
Suppose 9*i = 3*i. Suppose 5*p + 2*f - 330 = i, -p = -4*p + f + 187. What are the prime factors of p?
2
Let r = -4 + 0. Let x(y) = -y**2 - 5*y. Let b be x(r). Let t(u) = 3*u. List the prime factors of t(b).
2, 3
Suppose -3*p + 963 = -3*h, -2*p + 3*h + 419 = -226. What are the prime factors of p?
2, 3, 53
Let q = -65 - -44. Let k = q + 11. List the prime factors of (-134)/k - 3/(-5).
2, 7
Let o = 1027 - -313. What are the prime factors of o?
2, 5, 67
Suppose 15 = 2*y + y. Suppose y*x - 4 = 4*x. List the prime factors of 15/2 + 2/x.
2
Suppose -3*n - 2*w + 10 = -0*n, -5 = -2*n - 3*w. Suppose -4*v - 4*k = 788, 0*k = n*v - 2*k + 806. List the prime factors of ((-1)/(-2))/((-4)/v).
5
Suppose f + 3*f = -a - 43, -123 = 5*a - 3*f. Let b be (72/42)/((-8)/308). Let l = a - b. What are the prime factors of l?
3, 13
Let q(y) = -101*y + 92. What are the prime factors of q(-4)?
2, 31
Let g(y) = y - 4. Let i(u) = 4*u - 11. Let o(c) = -7*g(c) + 2*i(c). Let p be o(13). Suppose -14*b + p*b = 10. What are the prime factors of b?
2
Suppose 11*k = 14*k + 48. Let s(v) = v**2 + 16*v - 18. Let t be s(k). List the prime factors of ((-84)/t)/((-2)/(-21)).
7
Suppose -3*g + 5*d = -6, 4 = 2*g - 0*g + 4*d. List the prime factors of (344/(-6))/(g/(-9)).
2, 3, 43
List the prime factors of 0 + (-4)/(12/(-1647)).
3, 61
Suppose -39038 = 65*r - 105273. What are the prime factors of r?
1019
Let t(g) = -g**2 + g + 72. Let i be 8/36 + 4/(-18). What are the prime factors of t(i)?
2, 3
Suppose -36932 = -84*u + 240856. What are the prime factors of u?
3307
Let q(g) = g**2 - g + 2. Let u be q(2). Let s be u/(-34) + 1572/68. Suppose 5*h - 32 = s. List the prime factors of h.
11
Let n(x) = -x**3 - 8*x**2 - 11*x - 17. Let u be n(-8). Let q = -4 + u. What are the prime factors of q?
67
Suppose 0 = -4*i + 3 + 5. Let k be (-22)/14 + (-24)/(-42). What are the prime factors of (7 - k - 1) + i?
3
Let j = -301 - -370. What are the prime factors of j?
3, 23
Let c(u) = u**3 + 11*u**2 - 11*u + 2. Let n be c(-13). Let k = 373 + n. List the prime factors of k.
2, 3, 5
Let v be (1 + -81)*4/(-5). Suppose 0 = 6*w - 3*w - 9. Suppose v = 6*z - 3*z + 5*s, -z = -w*s - 12. List the prime factors of z.
2, 3
Let h(m) = 6*m - 8. Let p(y) = -y + 17. Let j be p(13). Suppose -5*f + j*f = -10. List the prime factors of h(f).
2, 13
Suppose 0 = 3*q + 4*n + 1 + 3, -n - 1 = -5*q. Suppose -2*z + 3*x = -4, z = -q*x + 5*x + 2. Suppose z*k = 3 + 139. List the prime factors of k.
71
Let s(v) be the third derivative of -v**4/6 + 4*v**3/3 - 2*v**2. Let y be s(0). List the prime factors of 52/y - (-3)/(-2).
5
Let c(o) = 150*o**2 + 7*o + 8. Let w = 19 + -20. What are the prime factors of c(w)?
151
Suppose -14*i + 16*i - 1578 = 0. What are the prime factors of i?
3, 263
Let i = 326 + -626. Let w = -111 - i. List the prime factors of w.
3, 7
Let l = -568 - -684. What are the prime factors of l?
2, 29
Let w = -1 + 7. Let y = w + 0. Let d(a) = a**2 - 6*a + 7. List the prime factors of d(y).
7
Let j(u) = -3*u**2 - 7*u - 2. Let w be j(-6). Let o = 199 + w. List the prime factors of o.
131
Let m = -8 - -5. Let u be m*(-3)/9 + -1. Suppose 0 = -4*g + 2*d + 104, -3*d + 19 = g - u*g. What are the prime factors of g?
5
Suppose -4*d + 91 = -5. Let l be 2 - (4 - 3) - 0. Suppose -2*u - d = -p - l, -p + 28 = 3*u. What are the prime factors of p?
5
Let f(q) = -141*q**3 - q**2 - q - 1. Suppose -1 = 2*b - b. List the prime factors of f(b).
2, 5, 7
What are the prime factors of 2/(-8)*-11 - 165/220?
2
Let k = -790 - -1751. List the prime factors of k.
31
Suppose 0 = -6*z + 18 - 0. Suppose z*w = -5*s + 7*w + 20, 0 = 5*s + 3*w - 20. List the prime factors of s.
2
Suppose 3688 = 4*x + 13*l - 9*l, 0 = 4*l - 8. List the prime factors of x.
2, 5, 23
Suppose l - 4*g - 2152 = -6*g, 3*g - 2157 = -l. What are the prime factors of l?
2, 3, 7, 17
Let t(c) = -7 + 20*c - 44*c + 13*c**2 + 2*c**3 + 20*c. What are the prime factors of t(-6)?
53
Let p be 21 - (0 + -2) - -1. List the prime factors of (200/6)/(4/p).
2, 5
Suppose 0*m + m = 3. Suppose 0 = -m*g + 8*g - 790. Suppose 4*a = -p + 38, -5*p - 2*a + g = 2*a. What are the prime factors of p?
2, 3, 5
Let g(w) = -10*w - 37. Suppose 0 = 3*u + 5*a + 1, -6*a - 5 = 3*u - 2*a. List the prime factors of g(u).
3, 11
Let r be 4/3 - (4/12 + -1). Suppose 2*d - 3*g - 46 = 320, 0 = r*d - 2*g - 368. List the prime factors of d.
2, 3, 31
Suppose -1055 = 103*p - 104*p. What are the prime factors of p?
5, 211
Let a(v) be the second derivative of -v**7/2520 + v**6/360 + 3*v**5/20 - v**4/4 + 6*v. Let d(h) be the third derivative of a(h). List the prime factors of d(0).
2, 3
Let q be 11/(-44) - 18/(-8). Let t be -4 + (q + -41)*-1. Suppose 0 = -5*a + t + 80. List the prime factors of a.
23
Let c be (-192)/(35/10 - 2). Let v = 84 + c. Let s = v + 106. What are the prime factors of s?
2, 31
Suppose 898 = 5*p - 7*p. Let f = p + 656. What are the prime factors of f?
3, 23
What are the prime factors of (192/(-18) - -10)/(6/(-3159))?
3, 13
Let t = 4202 + -1970. What are the prime factors of t/15 + (-1)/(-5) + 4?
3, 17
What are the prime factors of (4088/(-438))/(-1*4/726)?
2, 7, 11
Let g = -1578 - -3529. List the prime factors of g.
1951
Let v = 142 - 63. What are the prime factors of v?
79
Suppose -4*t + 2*o = 6*o - 7232, -2*t + 3644 = -5*o. List the prime factors of t.
2, 3, 151
Suppose 800 = 2*u + 4*h, -4*h = -2*u - 6*h + 808. What are the prime factors of 20/(-25) + u/10?
2, 5
Suppose 0*c = -3*c + 219. Suppose 3*h - c - 29 = 0. List the prime factors of h.
2, 17
Let i(m) = m. Let u(o) = 4*o + 7. Let n(s) = -5*i(s) + u(s). Let j be n(5). Suppose -33 = b - j*b. List the prime factors of b.
3, 11
Suppose 5*f = -2*d + f + 24, -5*f = -5*d - 15. Suppose -d*n = -n - 45. What are the prime factors of (n/10)/((-1)/(-6))?
3
Let d(r) = 3*r - 24 + 8*r + 3*r. What are the prime factors of d(9)?
2, 3, 17
Let r(m) = 309*m + 4. List the prime factors of r(2).
2, 311
Let n = 10 + -6. Let h(y) = 2*y**2 - 6*y + 5. Let k be h(n). Suppose 0 = -2*d + k - 3. List the prime factors of d.
5
Let o be (981/18)/((3/12)/(-1)). Let p = o - -372. What are the prime factors of p?
2, 7, 11
Let g be 35